{"id":441,"date":"2016-03-05T20:32:23","date_gmt":"2016-03-05T19:32:23","guid":{"rendered":"http:\/\/wicherngemeinde-frankfurt.org\/wordpress\/?page_id=441"},"modified":"2016-03-05T20:33:37","modified_gmt":"2016-03-05T19:33:37","slug":"tagesablauf","status":"publish","type":"page","link":"http:\/\/www.wicherngemeinde-frankfurt.de\/?page_id=441","title":{"rendered":"Tagesablauf"},"content":{"rendered":"<p>7:30 Uhr Unsere Kita \u00f6ffnet.<br \/>\nAnkommen der Kinder, Begr\u00fc\u00dfen der Kinder und freies Spielen.<\/p>\n<p>9:00 Uhr Gemeinsames Fr\u00fchst\u00fcck in den Gruppen.<br \/>\nDie KiTa stellt ein sehr abwechslungsreiches und reichhaltiges Fr\u00fchst\u00fcck zur Verf\u00fcgung<\/p>\n<p>10:00 Uhr Zeit zum Spielen, Gestalten und Bewegen.<\/p>\n<p>12:00 Uhr Mittagessen der Kindergartenkinder anschlie\u00dfend freies Spielen<\/p>\n<p>14:30 Uhr Die Betreuungszeit endet f\u00fcr die Kindergartengruppen.<\/p>\n<p>13:30 Uhr Die j\u00fcngeren Kinder der Familiengruppen gehen zum Schlafen in die sogenannte Traumstunde.<\/p>\n<p>13:30 Uhr Mittagessen der Hortkinder<\/p>\n<p>14:30 Uhr Hausaufgabenzeit der Hortkinder und Freispielzeit f\u00fcr die j\u00fcngeren Kindergartenkinder der Familiengruppen.<\/p>\n<p>17:00 Uhr Die Kita schlie\u00dft.<\/p>\n","protected":false},"excerpt":{"rendered":"<p>7:30 Uhr Unsere Kita \u00f6ffnet. Ankommen der Kinder, Begr\u00fc\u00dfen der Kinder und freies Spielen. 9:00 Uhr Gemeinsames Fr\u00fchst\u00fcck in den Gruppen. Die KiTa stellt ein sehr abwechslungsreiches und reichhaltiges Fr\u00fchst\u00fcck zur Verf\u00fcgung 10:00 Uhr Zeit zum Spielen, Gestalten und Bewegen. 12:00 Uhr Mittagessen der Kindergartenkinder anschlie\u00dfend freies Spielen 14:30 Uhr Die Betreuungszeit endet f\u00fcr die [&hellip;]<\/p>\n","protected":false},"author":1,"featured_media":0,"parent":7,"menu_order":0,"comment_status":"closed","ping_status":"closed","template":"","meta":[],"_links":{"self":[{"href":"http:\/\/www.wicherngemeinde-frankfurt.de\/index.php?rest_route=\/wp\/v2\/pages\/441"}],"collection":[{"href":"http:\/\/www.wicherngemeinde-frankfurt.de\/index.php?rest_route=\/wp\/v2\/pages"}],"about":[{"href":"http:\/\/www.wicherngemeinde-frankfurt.de\/index.php?rest_route=\/wp\/v2\/types\/page"}],"author":[{"embeddable":true,"href":"http:\/\/www.wicherngemeinde-frankfurt.de\/index.php?rest_route=\/wp\/v2\/users\/1"}],"replies":[{"embeddable":true,"href":"http:\/\/www.wicherngemeinde-frankfurt.de\/index.php?rest_route=%2Fwp%2Fv2%2Fcomments&post=441"}],"version-history":[{"count":1,"href":"http:\/\/www.wicherngemeinde-frankfurt.de\/index.php?rest_route=\/wp\/v2\/pages\/441\/revisions"}],"predecessor-version":[{"id":442,"href":"http:\/\/www.wicherngemeinde-frankfurt.de\/index.php?rest_route=\/wp\/v2\/pages\/441\/revisions\/442"}],"up":[{"embeddable":true,"href":"http:\/\/www.wicherngemeinde-frankfurt.de\/index.php?rest_route=\/wp\/v2\/pages\/7"}],"wp:attachment":[{"href":"http:\/\/www.wicherngemeinde-frankfurt.de\/index.php?rest_route=%2Fwp%2Fv2%2Fmedia&parent=441"}],"curies":[{"name":"wp","href":"https:\/\/api.w.org\/{rel}","templated":true}]}}